Let x = -148 + 142. What is a(x)?
6
Let i = 28 - 16. Let j(q) = -13*q - 5 + i*q + 0 - 1. Give j(5).
-11
Let v(c) = c**2. Let u(q) = -2*q**2 - 5*q - 1. Let w(g) = -u(g) - 3*v(g). Calculate w(-4).
-35
Let k(z) = 15 - 2*z**2 + 15*z**2 - 6*z**2 + z - 6*z**2. Calculate k(0).
15
Let b(z) be the second derivative of -z**5/120 + z**4/4 - z**3/3 - 21*z**2/2 + 18*z. Let c(n) be the second derivative of b(n). Give c(5).
1
Let k(r) = -r**2 - 19*r - 15. Let a be k(-18). Suppose 5*n = -a*n + 4*n. Let l(t) = -t**3 + t**2 - 8. What is l(n)?
-8
Let w be ((-18)/(-15))/((-38)/10 - -4). Let r(l) = -l + 7. What is r(w)?
1
Let j = 971 - 975. Let w(i) = -i**3 - 5*i**2 - 4*i - 2. Calculate w(j).
-2
Suppose -2*d - 3 = -3*d. Suppose -s = -2*s + d. Let c(y) = -4*y + 5*y - s*y. Give c(1).
-2
Let y(l) = l**2 + 2. Suppose 2*w = -2*f + 6*w + 8, 0 = -4*f + 5*w + 19. Determine y(f).
38
Let m(z) = 10 - 13 - 3*z + 1 + 2*z. Let x be (-34)/12 + 2/(-12). What is m(x)?
1
Let i(v) = 11*v + 13. Let m be (9/(-6))/(2/(-8)). Let j(o) = 5*o + 7. Let f(x) = m*i(x) - 13*j(x). Determine f(8).
-5
Let o(b) = 3*b. Suppose -83*d = -87*d - 16. Give o(d).
-12
Let g(r) be the first derivative of -r**3/3 + 3*r - 2. Let u = 96 + -148. Let n be u/20 + (-3)/(-5) + -1. Give g(n).
-6
Let l(i) = i**2 - 10*i + 21. Let w(j) = 2*j**2 + j + 1. Let y be w(1). Let m be l(y). Let a(x) = -x**2 - 7*x - 1. Give a(m).
11
Let f(j) = 2*j**3 + 6*j + 12*j**2 - j**3 - 6*j**3 + 0*j - 2. Let v(r) = -r**3 + 0*r**3 + r + 0*r**3 + r**2. Let x(o) = -f(o) + 6*v(o). Calculate x(-6).
2
Let z(r) be the second derivative of r**4/12 + r**3/6 - r**2/2 - 103*r. Calculate z(1).
1
Let u be (-6)/(-15) + (-48)/(-5). Let k(b) = 11*b**2 - u*b**2 - 2 + 6*b + 0 - 1. Calculate k(-7).
4
Let k(l) be the first derivative of 9*l**2/2 - 2*l - 559. What is k(1)?
7
Let c(t) = 1 + 0*t - 3*t + t**2 + t**3 + 9*t - 2*t - 2*t**3. Give c(-2).
5
Let w(m) = 57*m**3 - 37*m**2 + 3*m - 14. Let u(c) = -20*c**3 + 13*c**2 - c + 5. Let y(j) = -17*u(j) - 6*w(j). Determine y(2).
-15
Let y = 32 - 49. Let k = -14 - y. Suppose 16 = -7*d + k*d. Let x(m) = -m**2 - 2*m + 3. Determine x(d).
-5
Let z(v) = -19*v**2 + 5*v - 3. Let l = 33 - 35. Let i(p) = -10*p**2 + 2*p - 1. Let r(f) = l*z(f) + 5*i(f). What is r(-1)?
-11
Let a(u) = -u + 1. Let o(r) = 1. Let y(x) = 3*a(x) - 7*o(x). Determine y(5).
-19
Let h(y) = y**2 - 5*y + 2. Let z(u) = u**2 - 3*u + 2. Let o be z(2). Suppose 8*r - 5*r - 6 = o. Suppose 20 = 5*p - r*m, -3*m = 4*p - m - 16. Calculate h(p).
-2
Let a be 7/(-5) + (-2)/(-5). Let u = 62 - 61. Let f(m) = 2 - u + 6799*m - 6799*m + 9*m**2. Determine f(a).
10
Let q(z) be the third derivative of z**7/1008 + z**6/720 - z**5/60 - z**4/4 + 5*z**2. Let f(m) be the third derivative of q(m). Give f(2).
11
Let t(x) = -2*x + 3. Suppose 2*f + 4*q = f - 16, 24 = -f + 4*q. Let z = f + 23. Give t(z).
-3
Let a = -17 - -4. Let r = a - -21. Let c(u) = u**3 - 9*u**2 + 8*u - 11. Give c(r).
-11
Let n(c) be the third derivative of c**4/12 + c**3/6 - c**2. Suppose -8 = h + 5*q, h + 13 = -4*q + 5. Let g be -5 + (-3 - (h + 3)). Determine n(g).
-5
Let u(r) = -1. Let n(o) = 3*o**2 + 2*o + 6. Let l(i) = n(i) + 5*u(i). Suppose 5*v = 5*g - 0*g + 30, -4*g = 5*v - 21. Determine l(g).
2
Let n(z) be the second derivative of 7*z**3/6 - z. Suppose -4*a + 3*k - 24 = -0, 3*a + 2*k + 1 = 0. Let c be (-7 + 5)/(2 + a). Give n(c).
14
Let c(w) = 7*w + 5. Let g(t) = 22*t + 16. Let u(j) = -7*c(j) + 2*g(j). Calculate u(-5).
22
Let t(o) = o**3 + 3*o**2 + 2*o + 4. Suppose 5*g + 51 = 5*h + 226, 3*g = -2*h - 75. Let a be (4/(-6))/((-8)/h). Give t(a).
-2
Suppose -5*n + n = -8. Let y(w) be the second derivative of -1/6*w**3 + w**2 + 0 + 1/6*w**4 + 2*w. Calculate y(n).
8
Let k(f) be the third derivative of -f**4/24 - 2*f**3/3 - 122*f**2 + 3. Let s = -15 - -10. Determine k(s).
1
Let s(p) = 3*p**2 + 4*p - 1. Let w(g) = g**2 + g. Let m(n) = -4*s(n) + 11*w(n). Let t = -19 + 18. Let d be -2 + -4 - (1 + t). Calculate m(d).
-2
Let q = -24 - -30. Let i be 4/q*84/(-28). Let x(r) = 3*r**2 + 3*r + 2. Give x(i).
8
Let f(q) be the second derivative of q**5/120 - 5*q**4/12 + 2*q**3 - 5*q. Let m(a) be the second derivative of f(a). Calculate m(7).
-3
Let m(c) = -c**3 + 3*c**2 + 4*c - 6. Let z(g) = -2*g**3 + 7*g**2 + 9*g - 13. Let u(i) = 13*m(i) - 6*z(i). Determine u(-3).
6
Let o be 0 - -3 - ((-8)/1 - -4). Let w(j) = -j**3 + 7*j**2 - 2*j - 2. Give w(o).
-16
Suppose 2*z - 14 = -0*z. Suppose -2*j + z*j - 15 = 0. Let y(s) be the first derivative of -s**3/3 + s**2 - 2*s - 4. Give y(j).
-5
Let i(q) = -q - 1. Suppose -93*c - 8 = -89*c. Let y(h) = 2*h + 1. Let s(a) = c*i(a) - 3*y(a). Give s(-2).
7
Let v be (2/4)/(3/12). Let c(t) be the third derivative of -t**8/20160 - t**5/15 + t**2. Let s(i) be the third derivative of c(i). Calculate s(v).
-4
Let x(g) = 2 + 3 - g**3 - 7 - 4*g**2. Suppose 2*n + 8 = -0. Give x(n).
-2
Let v(n) = -n**2 - 2*n + 2. Let x = 17 + -28. Let u = x + 19. Suppose 3*b + u + 4 = 0. What is v(b)?
-6
Let t(f) = 3*f**3 - 3*f**2 + 2. Suppose 4*q - 4*v = -12, -12*q + 8*q = 4*v - 28. Determine t(q).
14
Let d(j) = -j - 1. Suppose -u - 2*w + 14 = 0, -3*w = 2*w - 10. Suppose 3*r - x - 2*x - 6 = 0, u = 3*r - 5*x. Calculate d(r).
-1
Let s(n) = 5*n**3 - 46*n**2 + 56*n - 5. Let y(l) = l**3 - 9*l**2 + 11*l - 1. Let a(g) = -2*s(g) + 11*y(g). Give a(6).
17
Let m(a) = 5*a**3 - 6*a**2 + a + 6. Let z(p) = 13*p**3 - 17*p**2 + 3*p + 17. Let x(v) = 8*m(v) - 3*z(v). Let l be 0*2*1/4. Let f = l - 3. Give x(f).
0
Let j(g) be the second derivative of g**3/2 + 3*g**2/2 - 132*g. Calculate j(3).
12
Let m(b) = -b**3 - 7*b**2 - 10*b + 2. Let d be m(-5). Let s be (-51)/(-7) - (-2)/(-7). Let v(u) = 7 - 4*u - 3*u**3 - s + d*u**3 - 5*u**2. What is v(-4)?
0
Let f = -229 - -232. Let a(x) = x - 5. What is a(f)?
-2
Let t(x) = 2*x**3 + 2*x**2 - 8*x + 3. Let y be t(-3). Let z(m) = -m**3 - 8*m**2 + 10*m + 13. Give z(y).
4
Let s(k) be the first derivative of -k**3/3 - 2*k**2 + 8*k + 303. Determine s(-6).
-4
Let y(o) be the second derivative of -o**3/3 + 11*o**2 + 14*o. Let q be y(11). Let h(w) = -w - 11. Let b(l) = -1. Let p(m) = 4*b(m) - h(m). Determine p(q).
7
Let j(f) be the second derivative of -f**7/210 - f**6/720 - f**5/120 - 7*f**4/6 + 17*f. Let v(h) be the third derivative of j(h). Give v(-1).
-12
Let n(w) = -w**3 - 5*w**2 + 5*w - 5. Let k be ((-3)/3 - -4)*1. Suppose -2*s - 2*c + 63 = 13, 3*s + c - 77 = 0. Suppose k*d = -6, z - 4*z = 4*d + s. Give n(z).
1
Let b(p) be the second derivative of -p**5/20 - p**4/2 - p**3 + p**2 + 3*p. Let u(x) = -x**2 - 62*x - 290. Let t be u(-57). Calculate b(t).
7
Let o(z) = 6*z + 7*z - 2*z - 4*z - 16. Let a be o(3). Let u(c) = 2*c - 6. Determine u(a).
4
Let o(h) = 10 + 4*h + 4 - 6 - 11. Give o(5).
17
Let t(z) = -z**2 - 7*z - 2. Suppose 2*w + 9 = 3*c, 4*w = 2*w. Suppose s = -5*d - 32, c*d - 3*s = -5*s - 22. Give t(d).
4
Let i(a) = -23 + a - 3*a - 2*a. Let x be i(-7). Let r(n) = 0 + 4*n**2 + 5*n - 3 + 1 - n**3. Give r(x).
-2
Let o(m) = -m**3 - 17*m**2 - 39*m - 132. Let l be o(-15). Let f(v) = 5*v - 17. What is f(l)?
-2
Suppose 5*p - 2*w = 13, 3*p + 3*w = 5*p - 14. Let t(l) be the third derivative of l**4/2 - l**3/6 - 11*l**2. Determine t(p).
11
Let l(s) = s**3 - 13*s**2 - 30*s - 16. Let z be 4/(-14) + (255/35 - -8). Determine l(z).
-16
Let z = -629 - -622. Let v(w) = 4*w - 4. Determine v(z).
-32
Let h(r) = -r**2 + 10*r + 2. Let d(m) = 3*m. Let w(n) = -3*d(n) + h(n). Determine w(-2).
-4
Let t(r) be the second derivative of r**3/2 - r**2 - r. Suppose 5*m - 4*m - 12 = 0. Let g = m + -10. What is t(g)?
4
Suppose -4*r + r - 5*g = -27, 3*r + 3 = 5*g. Let w(o) be the second derivative of o**3/3 - 5*o**2/2 - 156*o - 1. Calculate w(r).
3
Let v(j) = 2*j + 1. Let o be v(1). Let x(p) = -14*p - 12*p - 25*p + 48*p + 3. Determine x(o).
-6
Let g(w) = 6*w + 3. Let f = 352 - 353. Give g(f).
-3
Let p(t) = -t - 6. Let a be 850/30 + (-2)/(-3). Let i = 21 - a. What is p(i)?
2
Let r(g) = 1 + 3 + 5 + 7*g - 3 + g**2. Let f be 0 - 0 - (-1 + 5). Let m be (-43)/9 + f/18. Give r(m).
-4
Let n(i) = -i**3 + 4*i**2 + i + 3. Let s(f) = 6*f - 3. Let h be s(4). Let d = h - 18. Suppose 23 - 11 = d*w. What is n(w)?
7
Let w(q) = 1731*q - 1 + 2 + 32*q**2 - 9*q**2 - 1732*q. Give w(1).
23
Let m(f) = f**2 + f - 2. Let w be m(2). Let u(i) be the third derivative of 